{"id":2578,"date":"2022-05-24T09:11:16","date_gmt":"2022-05-24T09:11:16","guid":{"rendered":"https:\/\/www.plastischechirurgie-mallorca.com\/?page_id=2578"},"modified":"2025-10-30T10:28:07","modified_gmt":"2025-10-30T10:28:07","slug":"imprimir","status":"publish","type":"page","link":"https:\/\/www.plastischechirurgie-mallorca.com\/es\/imprimir\/","title":{"rendered":"Imprimir"},"content":{"rendered":"\n\t<section class=\"section\" id=\"section_1969271517\">\n\t\t<div class=\"bg section-bg fill bg-fill  bg-loaded\" >\n\n\t\t\t\n\t\t\t\n\t\t\t\n\n\t\t<\/div>\n\n\t\t\n\n\t\t<div class=\"section-content relative\">\n\t\t\t\n\n<div class=\"row\"  id=\"row-2042676092\">\n\n\n\t<div id=\"col-903066327\" class=\"col small-12 large-12\"  >\n\t\t\t\t<div class=\"col-inner\"  >\n\t\t\t\n\t\t\t\n\n\t<div id=\"gap-1066512126\" class=\"gap-element clearfix hide-for-small\" style=\"display:block; height:auto;\">\n\t\t\n<style>\n#gap-1066512126 {\n  padding-top: 30px;\n}\n<\/style>\n\t<\/div>\n\t\n\n\t<div id=\"text-2668537354\" class=\"text\">\n\t\t\n\n<h1>AVISO LEGAL<\/h1>\n<p>De acuerdo con el art\u00edculo 5 de la TMG:<\/p>\n<p>Dr. Christian Wolf <br \/>(bei Taviara Aesthetics)<br \/>Carrer de Porto Pi 8, 7. Etage<br \/>ES-07015 Palma<\/p>\n<p>Contacto:<\/p>\n<p>Tel\u00e9fono: +34 653 544 600<br \/>Correo electr\u00f3nico: info@plastic-surgery-mallorca.com<\/p>\n<p>Impuesto sobre el valor a\u00f1adido:<\/p>\n<p>N\u00famero de identificaci\u00f3n del impuesto sobre la venta seg\u00fan el art\u00edculo 27 a de la ley del impuesto sobre la venta:<br \/>CIF B 57836231<\/p>\n<p>empresas y propietarios de medios de comunicaci\u00f3n<br \/>dr medical univ. Christian Wolf, MBA ejecutivo<br \/>Especialista en cirug\u00eda pl\u00e1stica, est\u00e9tica y reconstructiva<\/p>\n<p>Obtenci\u00f3n del t\u00edtulo profesional en Austria<\/p>\n<p>Tel\u00e9fono: +34 653 544 600<br \/>Correo electr\u00f3nico: info@plastic-surgery-mallorca.com<br \/>Web: www.drchristianwolf.com<\/p>\n<p>Cirug\u00eda de Viena<br \/>Singerstrasse 4\/4-5, 2\u00aa planta | 1010 Viena<\/p>\n<p>Cirug\u00eda de Salzburgo<br \/>Nonntaler Hauptstra\u00dfe 116 | 5020 Salzburgo<\/p>\n<p>Contacto, contenido y responsabilidad editorial<br \/>dr. m\u00e9dico univ. Christian Wolf, MBA Ejecutivo<\/p>\n<p>Nonntaler Hauptstra\u00dfe 116 | 5020 Salzburgo<br \/>Tel\u00e9fono: +43 660 229 2207<br \/>Correo electr\u00f3nico: info@plastic-surgery-mallorca.com<br \/>Web: www.drchristianwolf.com<\/p>\n<p>Afiliaci\u00f3n a la C\u00e1mara<br \/>C\u00e1mara Estatal de M\u00e9dicos de Salzburgo<\/p>\n<p>Descargo de responsabilidad<br \/>Responsabilidad por el contenido<br \/>Los contenidos de nuestras p\u00e1ginas han sido creados con gran cuidado. Sin embargo, no podemos garantizar la exactitud, integridad o actualidad. De acuerdo con las disposiciones legales, seguimos siendo responsables de los contenidos propios de estas p\u00e1ginas. En este contexto, cabe se\u00f1alar que no estamos obligados a supervisar la informaci\u00f3n de terceros transmitida o almacenada para detectar contenidos y actividades ilegales.<\/p>\n<p>Responsabilidad de los enlaces<br \/>La responsabilidad del contenido de los enlaces externos (a p\u00e1ginas web de terceros) recae exclusivamente en los operadores de las p\u00e1ginas enlazadas. Las infracciones no fueron reconocidas por nosotros en el momento de establecer el enlace. Si se conoce una infracci\u00f3n de la ley, eliminaremos dichos enlaces inmediatamente.<\/p>\n<p>derechos de autor<br \/>Nuestras p\u00e1ginas web y sus contenidos est\u00e1n sujetos a la legislaci\u00f3n austriaca sobre derechos de autor. A menos que la ley lo permita expresamente, cualquier forma de uso, reproducci\u00f3n o procesamiento est\u00e1 sujeta a la protecci\u00f3n de los derechos de autor y requiere el consentimiento previo del respectivo titular de los derechos.<br \/>Los derechos de las im\u00e1genes pertenecen a las personas que las han creado o puesto a disposici\u00f3n.<br \/>Las contribuciones editoriales fueron facilitadas por Tanja Petritsch-Zopf.<br \/>Los gr\u00e1ficos y el dise\u00f1o de la web han sido creados por Jill Niessner.<\/p>\n\t\t\n<style>\n#text-2668537354 {\n  text-align: left;\n}\n<\/style>\n\t<\/div>\n\t\n\n\t\t<\/div>\n\t\t\t\t\n<style>\n#col-903066327 > .col-inner {\n  padding: 0px 0px 0px 0;\n  margin: 0px 0px 0px 0;\n}\n@media (min-width:550px) {\n  #col-903066327 > .col-inner {\n    padding: 0px 0px 0px 26px;\n    margin: 0px 0px 0px 19px;\n  }\n}\n<\/style>\n\t<\/div>\n\n\t\n\n\n<style>\n#row-2042676092 > .col > .col-inner {\n  padding: 70px 0px 30px 0px;\n}\n<\/style>\n<\/div>\n\n\t\t<\/div>\n\n\t\t\n<style>\n#section_1969271517 {\n  padding-top: 0px;\n  padding-bottom: 0px;\n}\n#section_1969271517 .ux-shape-divider--top svg {\n  height: 150px;\n  --divider-top-width: 100%;\n}\n#section_1969271517 .ux-shape-divider--bottom svg {\n  height: 150px;\n  --divider-width: 100%;\n}\n<\/style>\n\t<\/section>\n\t\n\n","protected":false},"excerpt":{"rendered":"","protected":false},"author":1,"featured_media":0,"parent":0,"menu_order":1,"comment_status":"closed","ping_status":"closed","template":"page-blank.php","meta":[],"_links":{"self":[{"href":"https:\/\/www.plastischechirurgie-mallorca.com\/es\/wp-json\/wp\/v2\/pages\/2578"}],"collection":[{"href":"https:\/\/www.plastischechirurgie-mallorca.com\/es\/wp-json\/wp\/v2\/pages"}],"about":[{"href":"https:\/\/www.plastischechirurgie-mallorca.com\/es\/wp-json\/wp\/v2\/types\/page"}],"author":[{"embeddable":true,"href":"https:\/\/www.plastischechirurgie-mallorca.com\/es\/wp-json\/wp\/v2\/users\/1"}],"replies":[{"embeddable":true,"href":"https:\/\/www.plastischechirurgie-mallorca.com\/es\/wp-json\/wp\/v2\/comments?post=2578"}],"version-history":[{"count":4,"href":"https:\/\/www.plastischechirurgie-mallorca.com\/es\/wp-json\/wp\/v2\/pages\/2578\/revisions"}],"predecessor-version":[{"id":4693,"href":"https:\/\/www.plastischechirurgie-mallorca.com\/es\/wp-json\/wp\/v2\/pages\/2578\/revisions\/4693"}],"wp:attachment":[{"href":"https:\/\/www.plastischechirurgie-mallorca.com\/es\/wp-json\/wp\/v2\/media?parent=2578"}],"curies":[{"name":"wp","href":"https:\/\/api.w.org\/{rel}","templated":true}]}}

<section class="section" id="section_1969271517">
		<div class="bg section-bg fill bg-fill  bg-loaded" >

			
			
			

		</div>

		

		<div class="section-content relative">
			

<div class="row"  id="row-2042676092">


	<div id="col-903066327" class="col small-12 large-12"  >
				<div class="col-inner"  >
			
			

	<div id="gap-1066512126" class="gap-element clearfix hide-for-small" style="display:block; height:auto;">
		
<style>
#gap-1066512126 {
  padding-top: 30px;
}
</style>
	</div>
	

	<div id="text-2668537354" class="text">
		

<h1>AVISO LEGAL</h1>
<p>De acuerdo con el artículo 5 de la TMG:</p>
<p>Dr. Christian Wolf <br />(bei Taviara Aesthetics)<br />Carrer de Porto Pi 8, 7. Etage<br />ES-07015 Palma</p>
<p>Contacto:</p>
<p>Teléfono: +34 653 544 600<br />Correo electrónico: info@plastic-surgery-mallorca.com</p>
<p>Impuesto sobre el valor añadido:</p>
<p>Número de identificación del impuesto sobre la venta según el artículo 27 a de la ley del impuesto sobre la venta:<br />CIF B 57836231</p>
<p>empresas y propietarios de medios de comunicación<br />dr medical univ. Christian Wolf, MBA ejecutivo<br />Especialista en cirugía plástica, estética y reconstructiva</p>
<p>Obtención del título profesional en Austria</p>
<p>Teléfono: +34 653 544 600<br />Correo electrónico: info@plastic-surgery-mallorca.com<br />Web: www.drchristianwolf.com</p>
<p>Cirugía de Viena<br />Singerstrasse 4/4-5, 2ª planta | 1010 Viena</p>
<p>Cirugía de Salzburgo<br />Nonntaler Hauptstraße 116 | 5020 Salzburgo</p>
<p>Contacto, contenido y responsabilidad editorial<br />dr. médico univ. Christian Wolf, MBA Ejecutivo</p>
<p>Nonntaler Hauptstraße 116 | 5020 Salzburgo<br />Teléfono: +43 660 229 2207<br />Correo electrónico: info@plastic-surgery-mallorca.com<br />Web: www.drchristianwolf.com</p>
<p>Afiliación a la Cámara<br />Cámara Estatal de Médicos de Salzburgo</p>
<p>Descargo de responsabilidad<br />Responsabilidad por el contenido<br />Los contenidos de nuestras páginas han sido creados con gran cuidado. Sin embargo, no podemos garantizar la exactitud, integridad o actualidad. De acuerdo con las disposiciones legales, seguimos siendo responsables de los contenidos propios de estas páginas. En este contexto, cabe señalar que no estamos obligados a supervisar la información de terceros transmitida o almacenada para detectar contenidos y actividades ilegales.</p>
<p>Responsabilidad de los enlaces<br />La responsabilidad del contenido de los enlaces externos (a páginas web de terceros) recae exclusivamente en los operadores de las páginas enlazadas. Las infracciones no fueron reconocidas por nosotros en el momento de establecer el enlace. Si se conoce una infracción de la ley, eliminaremos dichos enlaces inmediatamente.</p>
<p>derechos de autor<br />Nuestras páginas web y sus contenidos están sujetos a la legislación austriaca sobre derechos de autor. A menos que la ley lo permita expresamente, cualquier forma de uso, reproducción o procesamiento está sujeta a la protección de los derechos de autor y requiere el consentimiento previo del respectivo titular de los derechos.<br />Los derechos de las imágenes pertenecen a las personas que las han creado o puesto a disposición.<br />Las contribuciones editoriales fueron facilitadas por Tanja Petritsch-Zopf.<br />Los gráficos y el diseño de la web han sido creados por Jill Niessner.</p>
		
<style>
#text-2668537354 {
  text-align: left;
}
</style>
	</div>
	

		</div>
				
<style>
#col-903066327 > .col-inner {
  padding: 0px 0px 0px 0;
  margin: 0px 0px 0px 0;
}
@media (min-width:550px) {
  #col-903066327 > .col-inner {
    padding: 0px 0px 0px 26px;
    margin: 0px 0px 0px 19px;
  }
}
</style>
	</div>

	


<style>
#row-2042676092 > .col > .col-inner {
  padding: 70px 0px 30px 0px;
}
</style>
</div>

		</div>

		
<style>
#section_1969271517 {
  padding-top: 0px;
  padding-bottom: 0px;
}
#section_1969271517 .ux-shape-divider--top svg {
  height: 150px;
  --divider-top-width: 100%;
}
#section_1969271517 .ux-shape-divider--bottom svg {
  height: 150px;
  --divider-width: 100%;
}
</style>
	</section>
